{"id":33,"date":"2017-09-26T11:04:29","date_gmt":"2017-09-26T08:04:29","guid":{"rendered":"http:\/\/www.lamminahonahto.com\/www\/?page_id=33"},"modified":"2017-09-26T11:12:56","modified_gmt":"2017-09-26T08:12:56","slug":"hankeen-taustaa","status":"publish","type":"page","link":"https:\/\/www.lamminahonahto.com\/www\/honkavuori\/honkavuori-kehittamishanke\/hankeen-taustaa","title":{"rendered":"Hankeen taustaa"},"content":{"rendered":"[vc_row][vc_column width=&#8221;3\/4&#8243;][vc_custom_heading text=&#8221;Honkavuoren kehitt\u00e4mishankkeen taustaa&#8221; use_theme_fonts=&#8221;yes&#8221;][vc_column_text]Pyh\u00e4j\u00e4rvell\u00e4 talkooty\u00f6 on kautta aikain ollut hyvin voimakasta. Viimeisimm\u00e4t osoitukset siit\u00e4 ovat Pyh\u00e4salmeen viime vuonna valmistunut monitoimihalli ja Lamminaholle vuonna 1999 valmistunut Honkavuoren Hiisitupa. Molemmat hankkeet ovat toteutuneet julkisen rahoituksen, ker\u00e4ysvarojen ja talkooty\u00f6n tuloksena.<\/p>\n<p>Hiisitupa on toiminut monenlaisten tapahtumien ja tilaisuuksien pitopaikkana ja on saanut hyv\u00e4n palautteen viihtyisyydest\u00e4\u00e4n ja toimivuudestaan. Talon oheispalveluita ja yhteisty\u00f6kuvioita kehitet\u00e4\u00e4n jatkossa siten, ett\u00e4 tulevaisuudessa talo palvelisi liikunta- ja luontokeskuksena niin matkailijoita kuin paikkakunnan omaa v\u00e4ke\u00e4kin.<\/p>\n<p>Honkavuoren ulkoilualuetta on vuosien aikana kehitetty voimakkaasti ja kehitet\u00e4\u00e4n edelleenkin. Honkavuoren kaunis ja vaihteleva luonto sek\u00e4 sijainti aivan valtatie E75 (nelostie) tuntumassa antavat kehittymiselle hyv\u00e4t mahdollisuudet. Mets\u00e4hallituksen my\u00f6nteinen suhtautuminen on edesauttanut vaellus- ja latureittien toteuttamisessa.<\/p>\n<p>Honkavuoren hiihdoilla ja nuorten Helenan hiihdoilla on vuosikymmenien kunniakkaat perinteet. Suomen Hiihtoliiton antama tunnustus aikaisempien vuosien mittavalle ty\u00f6lle hiihtourheilun parissa on kun Pyh\u00e4j\u00e4rvelle my\u00f6nnettiin nuorten SM-hiihdot vuodelle 2003. Kilpailut pidet\u00e4\u00e4n Honkavuorella helmikuun 14.-16. p\u00e4ivin\u00e4.<\/p>\n<p>Tielaitos on rakentanut alueelle uuden aikaisempaa turvallisemman tieliittym\u00e4n, my\u00f6s katuvalot ilmaantuivat remontin yhteydess\u00e4. Liittym\u00e4n yhteyteen valmistui my\u00f6s alikulkutunneli (E75) kuntolatu- ja moottorikelkka reitist\u00f6\u00e4 varten. Liittym\u00e4n valmistuminen on yksi merkitt\u00e4vimmist\u00e4 edistyksist\u00e4 Honkavuoren alueen kokonaisvaltaiselle kehitt\u00e4miselle ja markkinoinnille.[\/vc_column_text][\/vc_column][vc_column width=&#8221;1\/4&#8243;][vc_single_image image=&#8221;41&#8243; img_size=&#8221;medium&#8221;][vc_single_image image=&#8221;42&#8243; img_size=&#8221;medium&#8221;][vc_single_image image=&#8221;43&#8243; img_size=&#8221;medium&#8221;][\/vc_column][\/vc_row]\n","protected":false},"excerpt":{"rendered":"<p>[vc_row][vc_column width=&#8221;3\/4&#8243;][vc_custom_heading text=&#8221;Honkavuoren kehitt\u00e4mishankkeen taustaa&#8221; use_theme_fonts=&#8221;yes&#8221;][vc_column_text]Pyh\u00e4j\u00e4rvell\u00e4 talkooty\u00f6 on kautta aikain ollut hyvin voimakasta. Viimeisimm\u00e4t osoitukset siit\u00e4 ovat Pyh\u00e4salmeen viime vuonna valmistunut monitoimihalli ja Lamminaholle vuonna 1999 valmistunut Honkavuoren Hiisitupa. Molemmat &#8230;<\/p>\n","protected":false},"author":1,"featured_media":0,"parent":27,"menu_order":0,"comment_status":"closed","ping_status":"closed","template":"","meta":{"_price":"","_stock":"","_tribe_ticket_header":"","_tribe_default_ticket_provider":"","_tribe_ticket_capacity":"0","_ticket_start_date":"","_ticket_end_date":"","_tribe_ticket_show_description":"","_tribe_ticket_show_not_going":false,"_tribe_ticket_use_global_stock":"","_tribe_ticket_global_stock_level":"","_global_stock_mode":"","_global_stock_cap":"","_tribe_rsvp_for_event":"","_tribe_ticket_going_count":"","_tribe_ticket_not_going_count":"","_tribe_tickets_list":"[]","_tribe_ticket_has_attendee_info_fields":false,"footnotes":""},"aioseo_notices":[],"ticketed":false,"_links":{"self":[{"href":"https:\/\/www.lamminahonahto.com\/www\/wp-json\/wp\/v2\/pages\/33"}],"collection":[{"href":"https:\/\/www.lamminahonahto.com\/www\/wp-json\/wp\/v2\/pages"}],"about":[{"href":"https:\/\/www.lamminahonahto.com\/www\/wp-json\/wp\/v2\/types\/page"}],"author":[{"embeddable":true,"href":"https:\/\/www.lamminahonahto.com\/www\/wp-json\/wp\/v2\/users\/1"}],"replies":[{"embeddable":true,"href":"https:\/\/www.lamminahonahto.com\/www\/wp-json\/wp\/v2\/comments?post=33"}],"version-history":[{"count":4,"href":"https:\/\/www.lamminahonahto.com\/www\/wp-json\/wp\/v2\/pages\/33\/revisions"}],"predecessor-version":[{"id":46,"href":"https:\/\/www.lamminahonahto.com\/www\/wp-json\/wp\/v2\/pages\/33\/revisions\/46"}],"up":[{"embeddable":true,"href":"https:\/\/www.lamminahonahto.com\/www\/wp-json\/wp\/v2\/pages\/27"}],"wp:attachment":[{"href":"https:\/\/www.lamminahonahto.com\/www\/wp-json\/wp\/v2\/media?parent=33"}],"curies":[{"name":"wp","href":"https:\/\/api.w.org\/{rel}","templated":true}]}}